{"id":15,"date":"2023-09-25T13:39:45","date_gmt":"2023-09-25T13:39:45","guid":{"rendered":"https:\/\/ges-integral.es\/?page_id=15"},"modified":"2023-10-11T10:06:58","modified_gmt":"2023-10-11T10:06:58","slug":"nosotros","status":"publish","type":"page","link":"https:\/\/ges-integral.es\/index.php\/nosotros\/","title":{"rendered":"nosotros"},"content":{"rendered":"\t\t<div data-elementor-type=\"wp-page\" data-elementor-id=\"15\" class=\"elementor elementor-15\" data-elementor-post-type=\"page\">\n\t\t\t\t\t\t\t<div class=\"elementor-element elementor-element-d680562 e-flex e-con-boxed e-con e-parent\" data-id=\"d680562\" data-element_type=\"container\" data-settings=\"{&quot;jet_parallax_layout_list&quot;:[],&quot;content_width&quot;:&quot;boxed&quot;}\" data-core-v316-plus=\"true\">\n\t\t\t\t\t<div class=\"e-con-inner\">\n\t\t<div class=\"elementor-element elementor-element-4cf28d0 e-con-full e-flex e-con e-child\" data-id=\"4cf28d0\" data-element_type=\"container\" data-settings=\"{&quot;content_width&quot;:&quot;full&quot;,&quot;jet_parallax_layout_list&quot;:[]}\">\n\t\t\t\t<div class=\"elementor-element elementor-element-5fe894e elementor-widget elementor-widget-text-editor\" data-id=\"5fe894e\" data-element_type=\"widget\" data-widget_type=\"text-editor.default\">\n\t\t\t\t<div class=\"elementor-widget-container\">\n\t\t\t<style>\/*! elementor - v3.16.0 - 20-09-2023 *\/\n.elementor-widget-text-editor.elementor-drop-cap-view-stacked .elementor-drop-cap{background-color:#69727d;color:#fff}.elementor-widget-text-editor.elementor-drop-cap-view-framed .elementor-drop-cap{color:#69727d;border:3px solid;background-color:transparent}.elementor-widget-text-editor:not(.elementor-drop-cap-view-default) .elementor-drop-cap{margin-top:8px}.elementor-widget-text-editor:not(.elementor-drop-cap-view-default) .elementor-drop-cap-letter{width:1em;height:1em}.elementor-widget-text-editor .elementor-drop-cap{float:left;text-align:center;line-height:1;font-size:50px}.elementor-widget-text-editor .elementor-drop-cap-letter{display:inline-block}<\/style>\t\t\t\t<p>Tenemos a nuestro alcance un equipo de especialistas con una experiencia de 15 a\u00f1os, lo que nos posiciona como una empresa destacada en el campo de la asesor\u00eda de servicios esenciales, tanto para empresas como para individuos. Nuestros clientes disfrutan de servicios de calidad a tarifas competitivas. Nos encargamos de seleccionar los socios ideales para cada producto o servicio que ofrecemos a nuestros clientes. Gracias al volumen significativo que gestionamos, contamos con un poder de negociaci\u00f3n que beneficiamos directamente a nuestros clientes.<\/p>\t\t\t\t\t\t<\/div>\n\t\t\t\t<\/div>\n\t\t\t\t<\/div>\n\t\t<div class=\"elementor-element elementor-element-fcb2c6c e-con-full e-flex e-con e-child\" data-id=\"fcb2c6c\" data-element_type=\"container\" data-settings=\"{&quot;content_width&quot;:&quot;full&quot;,&quot;jet_parallax_layout_list&quot;:[]}\">\n\t\t\t\t<div class=\"elementor-element elementor-element-0aa9ed5 elementor-widget elementor-widget-image\" data-id=\"0aa9ed5\" data-element_type=\"widget\" data-widget_type=\"image.default\">\n\t\t\t\t<div class=\"elementor-widget-container\">\n\t\t\t<style>\/*! elementor - v3.16.0 - 20-09-2023 *\/\n.elementor-widget-image{text-align:center}.elementor-widget-image a{display:inline-block}.elementor-widget-image a img[src$=\".svg\"]{width:48px}.elementor-widget-image img{vertical-align:middle;display:inline-block}<\/style>\t\t\t\t\t\t\t\t\t\t\t\t<img decoding=\"async\" loading=\"lazy\" width=\"581\" height=\"768\" src=\"https:\/\/ges-integral.es\/wp-content\/uploads\/2023\/09\/Enmascarar-grupo-2.png\" class=\"attachment-full size-full wp-image-150\" alt=\"\" srcset=\"https:\/\/ges-integral.es\/wp-content\/uploads\/2023\/09\/Enmascarar-grupo-2.png 581w, https:\/\/ges-integral.es\/wp-content\/uploads\/2023\/09\/Enmascarar-grupo-2-227x300.png 227w\" sizes=\"(max-width: 581px) 100vw, 581px\" \/>\t\t\t\t\t\t\t\t\t\t\t\t\t\t\t<\/div>\n\t\t\t\t<\/div>\n\t\t\t\t<div class=\"elementor-element elementor-element-98de295 elementor-widget elementor-widget-image\" data-id=\"98de295\" data-element_type=\"widget\" data-widget_type=\"image.default\">\n\t\t\t\t<div class=\"elementor-widget-container\">\n\t\t\t\t\t\t\t\t\t\t\t\t\t\t\t<img decoding=\"async\" loading=\"lazy\" width=\"396\" height=\"514\" src=\"https:\/\/ges-integral.es\/wp-content\/uploads\/2023\/09\/hombre-trabajador-campo-junto-paneles-solares.png\" class=\"attachment-large size-large wp-image-151\" alt=\"\" srcset=\"https:\/\/ges-integral.es\/wp-content\/uploads\/2023\/09\/hombre-trabajador-campo-junto-paneles-solares.png 396w, https:\/\/ges-integral.es\/wp-content\/uploads\/2023\/09\/hombre-trabajador-campo-junto-paneles-solares-231x300.png 231w\" sizes=\"(max-width: 396px) 100vw, 396px\" \/>\t\t\t\t\t\t\t\t\t\t\t\t\t\t\t<\/div>\n\t\t\t\t<\/div>\n\t\t\t\t<\/div>\n\t\t\t\t\t<\/div>\n\t\t\t\t<\/div>\n\t\t<div class=\"elementor-element elementor-element-36f2497 e-con-full e-flex e-con e-parent\" data-id=\"36f2497\" data-element_type=\"container\" data-settings=\"{&quot;content_width&quot;:&quot;full&quot;,&quot;background_background&quot;:&quot;classic&quot;,&quot;jet_parallax_layout_list&quot;:[]}\" data-core-v316-plus=\"true\">\n\t\t<div class=\"elementor-element elementor-element-3712f01 e-con-full e-flex e-con e-child\" data-id=\"3712f01\" data-element_type=\"container\" data-settings=\"{&quot;content_width&quot;:&quot;full&quot;,&quot;jet_parallax_layout_list&quot;:[]}\">\n\t\t\t\t<div class=\"elementor-element elementor-element-a7639f4 elementor-widget elementor-widget-heading\" data-id=\"a7639f4\" data-element_type=\"widget\" data-widget_type=\"heading.default\">\n\t\t\t\t<div class=\"elementor-widget-container\">\n\t\t\t<style>\/*! elementor - v3.16.0 - 20-09-2023 *\/\n.elementor-heading-title{padding:0;margin:0;line-height:1}.elementor-widget-heading .elementor-heading-title[class*=elementor-size-]>a{color:inherit;font-size:inherit;line-height:inherit}.elementor-widget-heading .elementor-heading-title.elementor-size-small{font-size:15px}.elementor-widget-heading .elementor-heading-title.elementor-size-medium{font-size:19px}.elementor-widget-heading .elementor-heading-title.elementor-size-large{font-size:29px}.elementor-widget-heading .elementor-heading-title.elementor-size-xl{font-size:39px}.elementor-widget-heading .elementor-heading-title.elementor-size-xxl{font-size:59px}<\/style><h2 class=\"elementor-heading-title elementor-size-default\">ADQUIERE TU CONSULTA ENERG\u00c9TICA CON NOSOTROS<\/h2>\t\t<\/div>\n\t\t\t\t<\/div>\n\t\t\t\t<div class=\"elementor-element elementor-element-f3996ec elementor-widget-divider--view-line elementor-widget elementor-widget-divider\" data-id=\"f3996ec\" data-element_type=\"widget\" data-widget_type=\"divider.default\">\n\t\t\t\t<div class=\"elementor-widget-container\">\n\t\t\t<style>\/*! elementor - v3.16.0 - 20-09-2023 *\/\n.elementor-widget-divider{--divider-border-style:none;--divider-border-width:1px;--divider-color:#0c0d0e;--divider-icon-size:20px;--divider-element-spacing:10px;--divider-pattern-height:24px;--divider-pattern-size:20px;--divider-pattern-url:none;--divider-pattern-repeat:repeat-x}.elementor-widget-divider .elementor-divider{display:flex}.elementor-widget-divider .elementor-divider__text{font-size:15px;line-height:1;max-width:95%}.elementor-widget-divider .elementor-divider__element{margin:0 var(--divider-element-spacing);flex-shrink:0}.elementor-widget-divider .elementor-icon{font-size:var(--divider-icon-size)}.elementor-widget-divider .elementor-divider-separator{display:flex;margin:0;direction:ltr}.elementor-widget-divider--view-line_icon .elementor-divider-separator,.elementor-widget-divider--view-line_text .elementor-divider-separator{align-items:center}.elementor-widget-divider--view-line_icon .elementor-divider-separator:after,.elementor-widget-divider--view-line_icon .elementor-divider-separator:before,.elementor-widget-divider--view-line_text .elementor-divider-separator:after,.elementor-widget-divider--view-line_text .elementor-divider-separator:before{display:block;content:\"\";border-bottom:0;flex-grow:1;border-top:var(--divider-border-width) var(--divider-border-style) var(--divider-color)}.elementor-widget-divider--element-align-left .elementor-divider .elementor-divider-separator>.elementor-divider__svg:first-of-type{flex-grow:0;flex-shrink:100}.elementor-widget-divider--element-align-left .elementor-divider-separator:before{content:none}.elementor-widget-divider--element-align-left .elementor-divider__element{margin-left:0}.elementor-widget-divider--element-align-right .elementor-divider .elementor-divider-separator>.elementor-divider__svg:last-of-type{flex-grow:0;flex-shrink:100}.elementor-widget-divider--element-align-right .elementor-divider-separator:after{content:none}.elementor-widget-divider--element-align-right .elementor-divider__element{margin-right:0}.elementor-widget-divider:not(.elementor-widget-divider--view-line_text):not(.elementor-widget-divider--view-line_icon) .elementor-divider-separator{border-top:var(--divider-border-width) var(--divider-border-style) var(--divider-color)}.elementor-widget-divider--separator-type-pattern{--divider-border-style:none}.elementor-widget-divider--separator-type-pattern.elementor-widget-divider--view-line .elementor-divider-separator,.elementor-widget-divider--separator-type-pattern:not(.elementor-widget-divider--view-line) .elementor-divider-separator:after,.elementor-widget-divider--separator-type-pattern:not(.elementor-widget-divider--view-line) .elementor-divider-separator:before,.elementor-widget-divider--separator-type-pattern:not([class*=elementor-widget-divider--view]) .elementor-divider-separator{width:100%;min-height:var(--divider-pattern-height);-webkit-mask-size:var(--divider-pattern-size) 100%;mask-size:var(--divider-pattern-size) 100%;-webkit-mask-repeat:var(--divider-pattern-repeat);mask-repeat:var(--divider-pattern-repeat);background-color:var(--divider-color);-webkit-mask-image:var(--divider-pattern-url);mask-image:var(--divider-pattern-url)}.elementor-widget-divider--no-spacing{--divider-pattern-size:auto}.elementor-widget-divider--bg-round{--divider-pattern-repeat:round}.rtl .elementor-widget-divider .elementor-divider__text{direction:rtl}.e-con-inner>.elementor-widget-divider,.e-con>.elementor-widget-divider{width:var(--container-widget-width,100%);--flex-grow:var(--container-widget-flex-grow)}<\/style>\t\t<div class=\"elementor-divider\">\n\t\t\t<span class=\"elementor-divider-separator\">\n\t\t\t\t\t\t<\/span>\n\t\t<\/div>\n\t\t\t\t<\/div>\n\t\t\t\t<\/div>\n\t\t\t\t<div class=\"elementor-element elementor-element-9841eb9 elementor-widget elementor-widget-text-editor\" data-id=\"9841eb9\" data-element_type=\"widget\" data-widget_type=\"text-editor.default\">\n\t\t\t\t<div class=\"elementor-widget-container\">\n\t\t\t\t\t\t\t<p style=\"text-align: center;\">\u00a1Transforma tu energ\u00eda hoy! Obt\u00e9n un presupuesto para nuestra asesor\u00eda en energ\u00eda sostenible. Ahorra y protege el medio ambiente. Solic\u00edtalo ahora.<\/p>\t\t\t\t\t\t<\/div>\n\t\t\t\t<\/div>\n\t\t\t\t<\/div>\n\t\t<div class=\"elementor-element elementor-element-e9d1510 e-con-full e-flex e-con e-child\" data-id=\"e9d1510\" data-element_type=\"container\" data-settings=\"{&quot;content_width&quot;:&quot;full&quot;,&quot;jet_parallax_layout_list&quot;:[]}\">\n\t\t\t\t<div class=\"elementor-element elementor-element-5d0ae25 elementor-mobile-align-center elementor-widget elementor-widget-button\" data-id=\"5d0ae25\" data-element_type=\"widget\" data-widget_type=\"button.default\">\n\t\t\t\t<div class=\"elementor-widget-container\">\n\t\t\t\t\t<div class=\"elementor-button-wrapper\">\n\t\t\t<a class=\"elementor-button elementor-button-link elementor-size-sm\" href=\"https:\/\/ges-integral.es\/index.php\/contacto\/\">\n\t\t\t\t\t\t<span class=\"elementor-button-content-wrapper\">\n\t\t\t\t\t\t<span class=\"elementor-button-text\">SOLICITA<BR>PRESUPUESTO<\/BR><\/span>\n\t\t<\/span>\n\t\t\t\t\t<\/a>\n\t\t<\/div>\n\t\t\t\t<\/div>\n\t\t\t\t<\/div>\n\t\t\t\t<\/div>\n\t\t\t\t<\/div>\n\t\t\t\t\t\t\t<\/div>\n\t\t","protected":false},"excerpt":{"rendered":"<p>Tenemos a nuestro alcance un equipo de especialistas con una experiencia de 15 a\u00f1os, lo que nos posiciona como una empresa destacada en el campo de la asesor\u00eda de servicios esenciales, tanto para empresas como para individuos. Nuestros clientes disfrutan de servicios de calidad a tarifas competitivas. Nos encargamos de seleccionar los socios ideales para [&hellip;]<\/p>\n","protected":false},"author":2,"featured_media":0,"parent":0,"menu_order":0,"comment_status":"closed","ping_status":"closed","template":"elementor_header_footer","meta":{"footnotes":""},"yoast_head":"<!-- This site is optimized with the Yoast SEO plugin v21.3 - https:\/\/yoast.com\/wordpress\/plugins\/seo\/ -->\n<title>Asesor\u00eda energ\u00e9tica Valencia - Gesintegral<\/title>\n<meta name=\"description\" content=\"\u00a1Transforma tu energ\u00eda hoy! Obt\u00e9n un presupuesto para nuestra asesor\u00eda energ\u00e9tica sostenible en Valencia. Inf\u00f3rmate sin compromiso.\" \/>\n<meta name=\"robots\" content=\"noindex, follow, max-snippet:-1, max-image-preview:large, max-video-preview:-1\" \/>\n<meta property=\"og:locale\" content=\"es_ES\" \/>\n<meta property=\"og:type\" content=\"article\" \/>\n<meta property=\"og:title\" content=\"Asesor\u00eda energ\u00e9tica Valencia - Gesintegral\" \/>\n<meta property=\"og:description\" content=\"\u00a1Transforma tu energ\u00eda hoy! Obt\u00e9n un presupuesto para nuestra asesor\u00eda energ\u00e9tica sostenible en Valencia. Inf\u00f3rmate sin compromiso.\" \/>\n<meta property=\"og:url\" content=\"https:\/\/ges-integral.es\/index.php\/nosotros\/\" \/>\n<meta property=\"og:site_name\" content=\"Gesintegral\" \/>\n<meta property=\"article:modified_time\" content=\"2023-10-11T10:06:58+00:00\" \/>\n<meta property=\"og:image\" content=\"https:\/\/ges-integral.es\/wp-content\/uploads\/2023\/09\/Enmascarar-grupo-2.png\" \/>\n<meta name=\"twitter:card\" content=\"summary_large_image\" \/>\n<meta name=\"twitter:label1\" content=\"Tiempo de lectura\" \/>\n\t<meta name=\"twitter:data1\" content=\"1 minuto\" \/>\n<script type=\"application\/ld+json\" class=\"yoast-schema-graph\">{\"@context\":\"https:\/\/schema.org\",\"@graph\":[{\"@type\":\"WebPage\",\"@id\":\"https:\/\/ges-integral.es\/index.php\/nosotros\/\",\"url\":\"https:\/\/ges-integral.es\/index.php\/nosotros\/\",\"name\":\"Asesor\u00eda energ\u00e9tica Valencia - Gesintegral\",\"isPartOf\":{\"@id\":\"https:\/\/ges-integral.es\/#website\"},\"datePublished\":\"2023-09-25T13:39:45+00:00\",\"dateModified\":\"2023-10-11T10:06:58+00:00\",\"description\":\"\u00a1Transforma tu energ\u00eda hoy! Obt\u00e9n un presupuesto para nuestra asesor\u00eda energ\u00e9tica sostenible en Valencia. Inf\u00f3rmate sin compromiso.\",\"breadcrumb\":{\"@id\":\"https:\/\/ges-integral.es\/index.php\/nosotros\/#breadcrumb\"},\"inLanguage\":\"es\",\"potentialAction\":[{\"@type\":\"ReadAction\",\"target\":[\"https:\/\/ges-integral.es\/index.php\/nosotros\/\"]}]},{\"@type\":\"BreadcrumbList\",\"@id\":\"https:\/\/ges-integral.es\/index.php\/nosotros\/#breadcrumb\",\"itemListElement\":[{\"@type\":\"ListItem\",\"position\":1,\"name\":\"Portada\",\"item\":\"https:\/\/ges-integral.es\/\"},{\"@type\":\"ListItem\",\"position\":2,\"name\":\"nosotros\"}]},{\"@type\":\"WebSite\",\"@id\":\"https:\/\/ges-integral.es\/#website\",\"url\":\"https:\/\/ges-integral.es\/\",\"name\":\"Gesintegral\",\"description\":\"\",\"potentialAction\":[{\"@type\":\"SearchAction\",\"target\":{\"@type\":\"EntryPoint\",\"urlTemplate\":\"https:\/\/ges-integral.es\/?s={search_term_string}\"},\"query-input\":\"required name=search_term_string\"}],\"inLanguage\":\"es\"}]}<\/script>\n<!-- \/ Yoast SEO plugin. -->","yoast_head_json":{"title":"Asesor\u00eda energ\u00e9tica Valencia - Gesintegral","description":"\u00a1Transforma tu energ\u00eda hoy! Obt\u00e9n un presupuesto para nuestra asesor\u00eda energ\u00e9tica sostenible en Valencia. Inf\u00f3rmate sin compromiso.","robots":{"index":"noindex","follow":"follow","max-snippet":"max-snippet:-1","max-image-preview":"max-image-preview:large","max-video-preview":"max-video-preview:-1"},"og_locale":"es_ES","og_type":"article","og_title":"Asesor\u00eda energ\u00e9tica Valencia - Gesintegral","og_description":"\u00a1Transforma tu energ\u00eda hoy! Obt\u00e9n un presupuesto para nuestra asesor\u00eda energ\u00e9tica sostenible en Valencia. Inf\u00f3rmate sin compromiso.","og_url":"https:\/\/ges-integral.es\/index.php\/nosotros\/","og_site_name":"Gesintegral","article_modified_time":"2023-10-11T10:06:58+00:00","og_image":[{"url":"https:\/\/ges-integral.es\/wp-content\/uploads\/2023\/09\/Enmascarar-grupo-2.png"}],"twitter_card":"summary_large_image","twitter_misc":{"Tiempo de lectura":"1 minuto"},"schema":{"@context":"https:\/\/schema.org","@graph":[{"@type":"WebPage","@id":"https:\/\/ges-integral.es\/index.php\/nosotros\/","url":"https:\/\/ges-integral.es\/index.php\/nosotros\/","name":"Asesor\u00eda energ\u00e9tica Valencia - Gesintegral","isPartOf":{"@id":"https:\/\/ges-integral.es\/#website"},"datePublished":"2023-09-25T13:39:45+00:00","dateModified":"2023-10-11T10:06:58+00:00","description":"\u00a1Transforma tu energ\u00eda hoy! Obt\u00e9n un presupuesto para nuestra asesor\u00eda energ\u00e9tica sostenible en Valencia. Inf\u00f3rmate sin compromiso.","breadcrumb":{"@id":"https:\/\/ges-integral.es\/index.php\/nosotros\/#breadcrumb"},"inLanguage":"es","potentialAction":[{"@type":"ReadAction","target":["https:\/\/ges-integral.es\/index.php\/nosotros\/"]}]},{"@type":"BreadcrumbList","@id":"https:\/\/ges-integral.es\/index.php\/nosotros\/#breadcrumb","itemListElement":[{"@type":"ListItem","position":1,"name":"Portada","item":"https:\/\/ges-integral.es\/"},{"@type":"ListItem","position":2,"name":"nosotros"}]},{"@type":"WebSite","@id":"https:\/\/ges-integral.es\/#website","url":"https:\/\/ges-integral.es\/","name":"Gesintegral","description":"","potentialAction":[{"@type":"SearchAction","target":{"@type":"EntryPoint","urlTemplate":"https:\/\/ges-integral.es\/?s={search_term_string}"},"query-input":"required name=search_term_string"}],"inLanguage":"es"}]}},"_links":{"self":[{"href":"https:\/\/ges-integral.es\/index.php\/wp-json\/wp\/v2\/pages\/15"}],"collection":[{"href":"https:\/\/ges-integral.es\/index.php\/wp-json\/wp\/v2\/pages"}],"about":[{"href":"https:\/\/ges-integral.es\/index.php\/wp-json\/wp\/v2\/types\/page"}],"author":[{"embeddable":true,"href":"https:\/\/ges-integral.es\/index.php\/wp-json\/wp\/v2\/users\/2"}],"replies":[{"embeddable":true,"href":"https:\/\/ges-integral.es\/index.php\/wp-json\/wp\/v2\/comments?post=15"}],"version-history":[{"count":17,"href":"https:\/\/ges-integral.es\/index.php\/wp-json\/wp\/v2\/pages\/15\/revisions"}],"predecessor-version":[{"id":449,"href":"https:\/\/ges-integral.es\/index.php\/wp-json\/wp\/v2\/pages\/15\/revisions\/449"}],"wp:attachment":[{"href":"https:\/\/ges-integral.es\/index.php\/wp-json\/wp\/v2\/media?parent=15"}],"curies":[{"name":"wp","href":"https:\/\/api.w.org\/{rel}","templated":true}]}}